{"id":210,"date":"2024-09-01T19:08:03","date_gmt":"2024-09-01T17:08:03","guid":{"rendered":"https:\/\/lineaclave.org\/ivana\/?page_id=210"},"modified":"2024-09-01T19:08:04","modified_gmt":"2024-09-01T17:08:04","slug":"sintomas","status":"publish","type":"page","link":"https:\/\/lineaclave.org\/ivana\/sintomas\/","title":{"rendered":"S\u00edntomas"},"content":{"rendered":"\n<p><strong>S\u00edntomas principales<\/strong><\/p>\n\n\n<div class=\"wp-block-image\">\n<figure class=\"alignleft size-large is-resized\"><img loading=\"lazy\" decoding=\"async\" width=\"1024\" height=\"683\" src=\"https:\/\/lineaclave.org\/ivana\/wp-content\/uploads\/2024\/09\/pexels-mastercowley-897817-1024x683.jpg\" alt=\"\" class=\"wp-image-211\" style=\"width:306px;height:auto\" srcset=\"https:\/\/lineaclave.org\/ivana\/wp-content\/uploads\/2024\/09\/pexels-mastercowley-897817-1024x683.jpg 1024w, https:\/\/lineaclave.org\/ivana\/wp-content\/uploads\/2024\/09\/pexels-mastercowley-897817-300x200.jpg 300w, https:\/\/lineaclave.org\/ivana\/wp-content\/uploads\/2024\/09\/pexels-mastercowley-897817-768x512.jpg 768w, https:\/\/lineaclave.org\/ivana\/wp-content\/uploads\/2024\/09\/pexels-mastercowley-897817-1536x1024.jpg 1536w, https:\/\/lineaclave.org\/ivana\/wp-content\/uploads\/2024\/09\/pexels-mastercowley-897817-2048x1365.jpg 2048w\" sizes=\"auto, (max-width: 1024px) 100vw, 1024px\" \/><\/figure>\n<\/div>\n\n\n<p><\/p>\n\n\n\n<p>Los s\u00edntomas pueden afectar a cualquier \u00f3rgano o a cualquier sistema del organismo. Y ya se han reconocido 203 s\u00edntomas !!!<\/p>\n\n\n\n<p><\/p>\n\n\n\n<p><\/p>\n\n\n\n<p><\/p>\n\n\n\n<p><\/p>\n\n\n\n<p><strong>1- DOLOR<\/strong> <strong>MUSCULOESQUEL\u00c9TICO<\/strong> generalizado en los 4 cuadrantes (bilateral superior e inferior). Referido como entumecimiento, dolor quemante, hormigueo o parestesias, punzante, etc. <strong>Alodinia<\/strong> e <strong>hiperalgesia<\/strong>.<\/p>\n\n\n\n<p><strong>2- FATIGA F\u00cdSICA Y MENTAL<\/strong>, continua o intermitente<\/p>\n\n\n\n<p><strong>3- PROBLEMAS DE SUE\u00d1O,<\/strong> como insomnio, despertar precoz, sue\u00f1o no reparador independientemente de la cantidad de horas dormidas, etc., que exacerba los s\u00edntomas.<\/p>\n\n\n\n<p><strong>4- PROBLEMAS COGNITIVOS,<\/strong> como problemas de concentraci\u00f3n, olvidos, dificultades con la memoria acorto y largo plazo, falta de fluidez verbal, imposibilidadde encontrar las palabras adecuadas, velocidad de pensamiento disminuida, etc. <strong>FIBRONIEBLA<\/strong>.<\/p>\n\n\n\n<p><strong>S\u00edntomas secundarios<\/strong><\/p>\n\n\n\n<p>\u2022<strong>Cefalea o migra\u00f1a <\/strong>(Los pacientes con FM tienen m\u00e1s predisposici\u00f3n que las personas a padecer migra\u00f1as)<\/p>\n\n\n\n<p>\u2022<strong>Trastornos digestivos <\/strong>como S\u00edndrome de Intestino Irritable, dolor abdominal, diarreas, estre\u00f1imiento, dispepsia, reflujo, intolerancias alimentarias, etc<\/p>\n\n\n\n<p>\u2022<strong>Alteraciones del Sistema Nervioso Aut\u00f3nomo <\/strong>como palpitaciones, problemas con la presi\u00f3n arterial, n\u00e1useas, xerostom\u00eda (sequedad en la boca), fotofobia, xeroftalmia (ojo seco), visi\u00f3n borrosa, hipotensi\u00f3n ortost\u00e1tica, fen\u00f3meno de Raynaud, etc.<\/p>\n\n\n\n<p>\u2022<strong>S\u00edntomas de Salud Mental, <\/strong>est\u00e1n presentes casi en la totalidad de los pacientes con FM<strong>, <\/strong>como ansiedad, depresi\u00f3n, estr\u00e9s post-traum\u00e1tico, etc\u00e9tera. <strong>Todos los estudios muestran que la FM<\/strong> <strong>NO es una enfermedad mental, NO es una enfermedad psiqui\u00e1trica.<\/strong><\/p>\n\n\n\n<p><br>\u2022<strong>Trastornos genitourinarios<\/strong> por impacto en la musculatura del piso p\u00e9lvico, como incontinencia&nbsp; urinaria, incontinencia anal, prolapso de \u00f3rganos p\u00e9lvicos, dolor p\u00e9lvico, disfunci\u00f3n sexual, etc\u00e9tera.<\/p>\n\n\n\n<p>\u2022<strong>Patolog\u00edas del tejido conectivo <\/strong>como Hiperlaxitud Articular o S\u00edndrome de Ehlers-Danlos Hiperm\u00f3vil (en el 88% de los pacientes).<\/p>\n\n\n\n<p>\u2022<strong>Trastornos temporomandibulares <\/strong>(en el 94% de los pacientes), como dolor muscular y\/o articular orofacial, crujido articular, cefalea tensional, otalgia, mareos, tinnitus, bruxismo\u2026<\/p>\n\n\n\n<p>\u2022<strong>Rigidez matinal<\/strong><\/p>\n\n\n\n<p>\u2022<strong>Problemas hormonales y endocrinos<\/strong><\/p>\n\n\n\n<p>\u2022<strong>Hipotiroidismo<\/strong><\/p>\n\n\n\n<p>\u2022<strong>Endometriosis<\/strong><\/p>\n\n\n\n<p>\u2022<strong>Alteraciones en la menstruaci\u00f3n<\/strong><\/p>\n\n\n\n<p>\u2022<strong>Sensibilidades<\/strong><\/p>\n\n\n\n<p>\u2022<strong>Mucho estr\u00e9s<\/strong><\/p>\n\n\n\n<p>\u2022<strong>S\u00edntomas neurol\u00f3gicos<\/strong><\/p>\n\n\n\n<p>\u2022<strong>Mareos<\/strong><\/p>\n\n\n\n<p>\u2022<strong>V\u00e9rtigos<\/strong><\/p>\n\n\n\n<p>\u2022<strong>S\u00edntomas otorrinos<\/strong><\/p>\n\n\n\n<p>\u2022<strong>P\u00e9rdida de fuerza<\/strong><\/p>\n\n\n\n<p>\u2022<strong>Hormigueos en las extremidades<\/strong><\/p>\n\n\n\n<p>\u2022<strong>Acidosis<\/strong><\/p>\n\n\n\n<p>\u2022<strong>Intolerancia a los ruidos<\/strong><\/p>\n\n\n\n<p>\u2022<strong>Intolerancia a los olores<\/strong><\/p>\n\n\n\n<p>\u2022<strong>Intolerancia a la luz<\/strong><\/p>\n\n\n\n<p>\u2022<strong>Disminuci\u00f3n de l\u00edvido<\/strong><\/p>\n\n\n\n<p>\u2022<strong>Irritabilidad<\/strong><\/p>\n\n\n\n<p>\u2022<strong>Tristeza<\/strong><\/p>\n\n\n\n<p>\u2022<strong>P\u00e9rdida de iniciativa<\/strong><\/p>\n\n\n\n<p>\u2022<strong>Asma<\/strong><\/p>\n\n\n\n<p>\u2022<strong>Rinitis<\/strong><\/p>\n\n\n\n<p>\u2022<strong>Faringitis<\/strong><br><\/p>\n","protected":false},"excerpt":{"rendered":"<p>S\u00edntomas principales Los s\u00edntomas pueden afectar a cualquier \u00f3rgano o a cualquier sistema del organismo. Y ya se han reconocido 203 s\u00edntomas !!! 1- DOLOR MUSCULOESQUEL\u00c9TICO generalizado en los 4 cuadrantes (bilateral superior e inferior). Referido como entumecimiento, dolor quemante, hormigueo o parestesias, punzante, etc. Alodinia e hiperalgesia. 2- FATIGA F\u00cdSICA Y MENTAL, continua o [&hellip;]<\/p>\n","protected":false},"author":1,"featured_media":0,"parent":0,"menu_order":0,"comment_status":"closed","ping_status":"closed","template":"","meta":{"footnotes":""},"class_list":["post-210","page","type-page","status-publish","czr-hentry"],"_links":{"self":[{"href":"https:\/\/lineaclave.org\/ivana\/wp-json\/wp\/v2\/pages\/210","targetHints":{"allow":["GET"]}}],"collection":[{"href":"https:\/\/lineaclave.org\/ivana\/wp-json\/wp\/v2\/pages"}],"about":[{"href":"https:\/\/lineaclave.org\/ivana\/wp-json\/wp\/v2\/types\/page"}],"author":[{"embeddable":true,"href":"https:\/\/lineaclave.org\/ivana\/wp-json\/wp\/v2\/users\/1"}],"replies":[{"embeddable":true,"href":"https:\/\/lineaclave.org\/ivana\/wp-json\/wp\/v2\/comments?post=210"}],"version-history":[{"count":1,"href":"https:\/\/lineaclave.org\/ivana\/wp-json\/wp\/v2\/pages\/210\/revisions"}],"predecessor-version":[{"id":213,"href":"https:\/\/lineaclave.org\/ivana\/wp-json\/wp\/v2\/pages\/210\/revisions\/213"}],"wp:attachment":[{"href":"https:\/\/lineaclave.org\/ivana\/wp-json\/wp\/v2\/media?parent=210"}],"curies":[{"name":"wp","href":"https:\/\/api.w.org\/{rel}","templated":true}]}}